58 = -3*y + a*y. Is 19 a factor of y?
False
Let c(o) = -o**2 + 4*o + 1. Let b be c(3). Let u be -26*(-6)/b + 3. Suppose -3*g - u = -3*j, -g = 5*j - 4*j - 12. Does 4 divide j?
False
Let o(p) be the first derivative of -p**3/3 - 11*p**2/2 - 8*p - 4. Is 10 a factor of o(-7)?
True
Suppose 5*q + 2*a = 125, 0 = q + q - 3*a - 31. Is q a multiple of 15?
False
Suppose -5*l + 529 = -0*l - i, 0 = 4*l + 2*i - 412. Is l a multiple of 6?
False
Let g(v) = 3*v**2 + 5*v - 2. Let o = 23 - 14. Suppose -o = -3*p + 3*a, 2*a - 10 = -3*p - 1. Is g(p) a multiple of 20?
True
Let z = 99 - 29. Is z a multiple of 21?
False
Suppose 4*n + 1424 = 3*z - 218, -1658 = 4*n + 5*z. Suppose -y - 3*y - 4*g = 24, 3*g = -4*y - 26. Is 23 a factor of n/y - 2/4?
False
Suppose 57 = 2*m + m. Suppose n - 21 = -5*q, m = 3*n - 0*q + 4*q. Is (3 - 2) + n + 19 a multiple of 21?
True
Suppose 83 = -3*l + 26. Let m = l + 31. Suppose 5*i - 27 = 4*g - 10, -g - 2*i = -m. Does 2 divide g?
True
Let l(w) = w - 1. Let x be l(6). Suppose t - 12 = 3*h, -x*t + 0*t + 160 = 5*h. Does 7 divide t?
False
Suppose -5*x + 22 - 7 = 0. Suppose x*z = 8*z - 95. Does 11 divide z?
False
Let d(a) = a**3 - 2*a**2 - a. Let q be d(3). Is 10 a factor of 61/2 - q/12?
True
Suppose -130 + 10 = -2*j. Is 5 a factor of j?
True
Let d = 145 + -85. Is 4 a factor of (-8)/d - (-197)/15?
False
Suppose 0 = -2*s + 2*c + 2 - 28, 5*s = -c - 65. Let i = -9 - s. Is i a multiple of 2?
True
Let f = 0 - -4. Let n(q) = 5*q**3 - 5*q**2 + 11*q + 3. Let w(c) = -14*c**3 + 14*c**2 - 32*c - 9. Let s(i) = 17*n(i) + 6*w(i). Is s(f) a multiple of 17?
False
Suppose -4*c = -3*w + 31, 5*c = -3*w + c - 1. Is (-114)/(-15) - (-2)/w a multiple of 4?
True
Suppose 5*h - 12 = 3. Let c(y) = 20*y + 1. Let x(r) = -13*r - 1. Let l(m) = -5*c(m) - 8*x(m). Does 6 divide l(h)?
False
Let y be (-1 - -1)*(-10)/40. Suppose -5*r + r + 64 = y. Is 8 a factor of r?
True
Let f(k) = k - 4. Let v be f(6). Let x be ((-6)/6)/(v/(-86)). Let b = x + -7. Does 16 divide b?
False
Let b = -175 - -362. Is 17 a factor of b?
True
Let q(b) = -11*b - 40. Does 3 divide q(-7)?
False
Let b(d) = d**2 + d + 4. Does 8 divide b(4)?
True
Let r(g) = -g**3 + 5*g**2 + 7*g - 4. Let q be r(6). Suppose -q*l = l. Suppose l = -2*n - 0*n + 10. Is 5 a factor of n?
True
Suppose -s - m + 0*m - 9 = 0, 3*m - 15 = 4*s. Is 1/(3/(-6))*s a multiple of 4?
True
Let l(v) = v + 1. Let z be l(1). Suppose -z = u - 6. Is 20 a factor of (u + 0)/((-3)/(-15))?
True
Let v(b) = -3*b + 22. Let m(a) = 9*a - 65. Let d(t) = 6*m(t) + 17*v(t). Does 11 divide d(11)?
False
Let x(f) = f**2 - f + 4. Let z be x(0). Suppose -z*n = -3*b + 118, 2 = -b - 2*n + 28. Is b a multiple of 12?
False
Suppose 3*g + g + 28 = 2*k, 2*g = -4. Is k a multiple of 5?
True
Suppose 3*j = 2*j - 5. Let p(t) = t**2 + t + 6. Is p(j) a multiple of 15?
False
Let l(w) = -w + 1. Is 8 a factor of l(-7)?
True
Does 13 divide (4/8)/((-2)/(-52))?
True
Let f be 77/1 + 3/(-3). Suppose -5*q + q - f = 0. Does 11 divide (q/(-4))/(2/8)?
False
Suppose 0*j - 2*j = 0. Suppose j = 2*x, -c = -5*c - 2*x + 44. Suppose 4*r + c - 123 = 0. Does 14 divide r?
True
Suppose -17 = -4*b + 3. Suppose 0 = r - b*r + 104. Does 11 divide r?
False
Suppose 3*c = c + 24. Suppose 5*y - c = 123. Suppose -y - 43 = -5*u. Does 14 divide u?
True
Let n(i) = 6*i - 7. Is n(3) a multiple of 7?
False
Let o(f) = 5*f - 3*f + 0 + 3*f + f**2 + 2. Let u be o(-5). Suppose -u*w + 12 = w. Does 3 divide w?
False
Suppose -3*v - 6*w = -w + 106, -5*w = -4*v - 188. Let l = -20 - v. Is l a multiple of 11?
True
Suppose 4*n + 4*w = 256, -5*n = -5*w + 172 - 532. Is n a multiple of 21?
False
Suppose 0 = l + 7 - 10. Is 3*l/9 + 9 a multiple of 10?
True
Is ((-6)/15)/((-1)/70) a multiple of 14?
True
Suppose 3*v + 4*n - 46 = 14, n + 99 = 4*v. Is 6 a factor of v?
True
Let c = 14 + -11. Suppose -h + c = -6. Is h a multiple of 4?
False
Let m = 16 + -11. Suppose 3*u - 5*n + 230 = 0, -m*u - 5*n - 485 = -115. Let l = u + 124. Does 21 divide l?
False
Let c(j) = -j**2 + 6. Let u be c(0). Suppose 0 = -4*w + 2*o - u*o, 0 = -2*w + 3*o. Suppose -t + w*t + 14 = 0. Is 14 a factor of t?
True
Let t = 8 - 6. Suppose -5*o - t*w = -50 - 18, -o + 4*w = 4. Does 7 divide o?
False
Let h = -36 - -75. Does 15 divide h?
False
Suppose 6*a - a - 385 = 0. Let z = a + -38. Does 13 divide z?
True
Suppose 11*w = 4*w + 2016. Is w a multiple of 23?
False
Let j be (26 - 2) + 0 + 1. Suppose 6*w = x + 3*w - 26, -j = -x + 4*w. Is x a multiple of 8?
False
Suppose 4*h + 4*l = -12, 3*l - 5 = -5*h + 2*l. Let b be (-232)/40 - h/10. Is 5 a factor of ((-52)/b)/(4/6)?
False
Suppose -b = -5*m, -4*m - 9 = -3*b + 2. Suppose b = o - 0. Suppose 5*a - 26 = 4*s, 3*a - 4*a = -s - o. Is a a multiple of 3?
True
Let v be (-1)/(2 - (-10)/(-4)). Let b be -6 - -9 - (1 + 1). Let a = b + v. Is 2 a factor of a?
False
Let a = 6 - 16. Let j(o) = 2*o**3 + 2*o**2 - 3*o. Let d be j(-3). Let v = a - d. Is v a multiple of 8?
False
Let s(m) = 13*m**2 - 4*m + 1. Let q be s(-3). Let z be (-10)/(-45) - q/18. Let b = z - -24. Does 12 divide b?
False
Let t(z) = -6*z**2 + 1. Suppose 0 = 3*h + 1 - 4. Let c be t(h). Is 16 a factor of (8/c)/(6/(-60))?
True
Suppose 4*h = -3*i + 27, 0 = 2*i - 6 - 4. Suppose -n + 33 = f, h*f - 27 = -n + 4*f. Is n a multiple of 15?
True
Suppose -1986 + 138 = -12*h. Is h a multiple of 14?
True
Let b(l) = -13*l - 13. Does 13 divide b(-7)?
True
Let i(o) = -34*o - 1. Let n be i(-6). Suppose -8 - 86 = -2*d + 2*k, -4*d = k - n. Is 18 a factor of d?
False
Suppose 0 = 2*f - q - 89, 0*f + 46 = f - 2*q. Does 4 divide f?
True
Let l = 116 - -29. Does 18 divide l?
False
Let o = -46 - 61. Let y = -62 - o. Is 19 a factor of y?
False
Let p(h) = -h**2 + 7*h + 1. Let d be p(6). Suppose d*j - 2*j = 0. Suppose j = -2*o + 17 + 7. Is o a multiple of 4?
True
Does 10 divide 42 - (-3 + (3 - 4))?
False
Let r = 8 - 2. Does 5 divide r/(2*(-2)/(-12))?
False
Suppose 23 = 5*a + 128. Let w = -8 + -7. Let k = w - a. Is 3 a factor of k?
True
Suppose -3*s - f + 0*f + 8 = 0, -s + 6 = 2*f. Let j(m) = s*m - 3 - 5*m**2 + 2*m + m**3 - m. Is 11 a factor of j(5)?
False
Let g = 14 - 7. Is 308/g - (-1 + 2) a multiple of 14?
False
Suppose t - 5*t = -20. Suppose 0 = 2*q + 3*l - 33, q + 3*q = t*l + 121. Is 10 a factor of q?
False
Suppose 608 = 5*r + 3*v - 12, -4*r = -2*v - 496. Is 30 a factor of r?
False
Let q = -1 - -1. Suppose -4*n = -37 + 13. Suppose n = x - q. Does 6 divide x?
True
Let s = -7 - -20. Is 6 a factor of s?
False
Let s(d) = d**3 - d**2 - 2*d - 4. Let k = -9 + 12. Does 4 divide s(k)?
True
Let f = -25 - -200. Is f a multiple of 30?
False
Let w(l) be the third derivative of -l**5/10 - l**4/24 + l**3/3 - 2*l**2. Let o be w(-3). Let h = -25 - o. Does 12 divide h?
True
Suppose -z + 3*f = -0*z + 6, 4*z + 7 = -5*f. Does 13 divide 1 + (34 - z) + 1?
True
Let k(q) = -q**2 + q - 6. Suppose -n = -6*n. Let t be k(n). Let g(f) = -3*f + 6. Does 7 divide g(t)?
False
Suppose -4 = 4*a, -4*a = b - 185 + 3. Suppose 4*h = h + b. Suppose h = -3*n + 161. Is 9 a factor of n?
False
Let t(l) = 14*l**2 - 2*l + 1. Let k be t(1). Suppose k = -4*o + 29. Suppose -5*i + o*a + 99 = 0, -3*i + 4*a + 42 = -i. Does 19 divide i?
True
Let u(d) be the third derivative of -d**5/60 - 7*d**4/24 - 5*d**2. Is u(-5) a multiple of 10?
True
Let r(y) = -y**3 + 5*y**2 - 4*y. Let v be r(4). Suppose -2*n + 6 = v, -7*n = 2*s - 2*n - 87. Is s a multiple of 12?
True
Let n = 3 - 1. Let x = n - -8. Is x a multiple of 9?
False
Let k = 3 + 57. Is k a multiple of 12?
True
Let v(f) be the first derivative of 4*f**3 + f**2 + f + 3. Is v(-2) a multiple of 15?
True
Suppose 0 = -4*q + 5*l + 219, -5*l = q - 26 - 10. Does 14 divide q?
False
Let v = 6 - 6. Suppose v = 4*p - 2*u + u - 342, -5*u = 4*p - 330. Suppose 0 = -4*o + 3*g + p, -3*o = 2*g - 48 - 3. Is o a multiple of 7?
False
Suppose 3*i + 3*u - 48 = 0, 7*i - 4*u = 4*i + 62. Is i a multiple of 2?
True
Let t(g) = g + 4. Let n = 5 + 0. Is 9 a factor of t(n)?
True
Let x(d) = -d**3 - 8*d**2 - 8*d - 3. Let w(f) = -f**3 + 4*f**2 + 5*f - 7. Let s be (1 + 4)*(1 - 0). Let i be w(s). Is x(i) a multiple of 4?
True
Does 11 divide 1/3 + (-280)/(-6)?
False
Let f(x) = -7*x + 7. Let m be f(6). Does 12 divide (168/m)/((-2)/15)?
True
Let t = 19 - 9. Suppose -2*s + s = -t. Is 10 a factor of s?
True
Let n = 10 + -1. Let g(b) = b**2 - 7*b - 1. Is g(